{"id":204,"date":"2012-08-23T18:44:10","date_gmt":"2012-08-23T15:44:10","guid":{"rendered":"http:\/\/marigeuer.com\/blog\/?page_id=204"},"modified":"2013-10-19T10:33:21","modified_gmt":"2013-10-19T13:33:21","slug":"sintonia-alfa","status":"publish","type":"page","link":"https:\/\/marigeuer.com\/equilibrio\/nucleo-vivencias-unidarma\/sintonia-alfa\/","title":{"rendered":"Sintonia Alfa"},"content":{"rendered":"<h2><\/h2>\n<h2>Sintonia Alfa \u00e9 uma t\u00e9cnica terap\u00eautica que visa a cura interior e:<\/h2>\n<div>\n<ul>\n<li>Auxilia a serenar a mente<\/li>\n<li>Promove a clareza dos pensamentos<\/li>\n<li>Desenvolve as habilidades inatas.<\/li>\n<li>Promove a harmoniza\u00e7\u00e3o e o Equil\u00edbrio Interior,<\/li>\n<li>Intensifica sua intui\u00e7\u00e3o<\/li>\n<li>Auxilia no resgate sua autoestima<\/li>\n<li>Manifesta livremente o processo de auto cura<\/li>\n<\/ul>\n<p>Nosso projeto tem como meta auxiliar ao maior n\u00famero de pessoas a resgatarem seu poder interno, sua autoestima encontrando for\u00e7a e sabedoria para lidar com seus problemas no dia-a-dia.<\/p>\n<p><strong>PROXIMO ENCONTRO DE SINTONIA ALFA &#8211; dia 01\/10\/2013 \u00e0s 20h<\/strong><\/p>\n<p>Venha voc\u00ea tamb\u00e9m fazer parte de nossa equipe de voluntariado, oferecemos <strong><span style=\"color: #000080;\">Curso de Forma\u00e7\u00e3o para Sintonizadores<\/span><\/strong>. Voc\u00ea poder\u00e1 ajudar sua comunidade, seus amigos, familiares e a si mesmo com esta t\u00e9cnica.<\/p>\n<div><strong>ESPA\u00c7O EQUILIBRIO INTERIOR<\/strong><\/div>\n<div>Rua Jo\u00e3o Burato, 32 \u2013 Res Burato<\/div>\n<div>Bar\u00e3o Geraldo \u2013 Campinas \/ SP<\/div>\n<div>(prox moradia da Unicamp \u2013 Av Sta Isabel)<\/div>\n<div><\/div>\n<h4>Solicitamos confirmar presen\u00e7a atrav\u00e9s do email:<\/h4>\n<h4><strong>mari.equilibriointerior@gmail.com<\/strong><\/h4>\n<h4>ou atrav\u00e9s dos telefones:<\/h4>\n<h4>Mari Geuer\u00a0 (19) 3324.6904<\/h4>\n<h4>Marinalva Ferreira (19) 3203.8351<\/h4>\n<p><a href=\"http:\/\/marigeuer.com\/equilibrio\/wp-content\/uploads\/2012\/08\/sintonia_alfa_2508_fotos.jpg\"><img loading=\"lazy\" decoding=\"async\" class=\"size-medium wp-image-239 aligncenter\" alt=\"sintonia_alfa_2508_fotos\" src=\"http:\/\/marigeuer.com\/equilibrio\/wp-content\/uploads\/2012\/08\/sintonia_alfa_2508_fotos-214x300.jpg\" width=\"214\" height=\"300\" srcset=\"https:\/\/marigeuer.com\/equilibrio\/wp-content\/uploads\/2012\/08\/sintonia_alfa_2508_fotos-214x300.jpg 214w, https:\/\/marigeuer.com\/equilibrio\/wp-content\/uploads\/2012\/08\/sintonia_alfa_2508_fotos-733x1024.jpg 733w, https:\/\/marigeuer.com\/equilibrio\/wp-content\/uploads\/2012\/08\/sintonia_alfa_2508_fotos.jpg 2031w\" sizes=\"auto, (max-width: 214px) 100vw, 214px\" \/><\/a><\/p>\n<p>&nbsp;<\/p>\n<\/div>\n","protected":false},"excerpt":{"rendered":"<p>Sintonia Alfa \u00e9 uma t\u00e9cnica terap\u00eautica que visa a cura interior e: Auxilia a serenar a mente Promove &#8230; <a class=\"more-link\" href=\"https:\/\/marigeuer.com\/equilibrio\/nucleo-vivencias-unidarma\/sintonia-alfa\/\">Read More &raquo;<\/a><\/p>\n","protected":false},"author":2,"featured_media":0,"parent":198,"menu_order":0,"comment_status":"open","ping_status":"open","template":"","meta":{"sfsi_plus_gutenberg_text_before_share":"","sfsi_plus_gutenberg_show_text_before_share":"","sfsi_plus_gutenberg_icon_type":"","sfsi_plus_gutenberg_icon_alignemt":"","sfsi_plus_gutenburg_max_per_row":"","footnotes":""},"class_list":["post-204","page","type-page","status-publish","hentry"],"yoast_head":"<!-- This site is optimized with the Yoast SEO plugin v27.2 - https:\/\/yoast.com\/product\/yoast-seo-wordpress\/ -->\n<title>Sintonia Alfa - Equil\u00edbrio Interior e Bem-Estar<\/title>\n<meta name=\"robots\" content=\"index, follow, max-snippet:-1, max-image-preview:large, max-video-preview:-1\" \/>\n<link rel=\"canonical\" href=\"https:\/\/marigeuer.com\/equilibrio\/nucleo-vivencias-unidarma\/sintonia-alfa\/\" \/>\n<meta property=\"og:locale\" content=\"pt_PT\" \/>\n<meta property=\"og:type\" content=\"article\" \/>\n<meta property=\"og:title\" content=\"Sintonia Alfa - Equil\u00edbrio Interior e Bem-Estar\" \/>\n<meta property=\"og:description\" content=\"Sintonia Alfa \u00e9 uma t\u00e9cnica terap\u00eautica que visa a cura interior e: Auxilia a serenar a mente Promove ... Read More &raquo;\" \/>\n<meta property=\"og:url\" content=\"https:\/\/marigeuer.com\/equilibrio\/nucleo-vivencias-unidarma\/sintonia-alfa\/\" \/>\n<meta property=\"og:site_name\" content=\"Equil\u00edbrio Interior e Bem-Estar\" \/>\n<meta property=\"article:modified_time\" content=\"2013-10-19T13:33:21+00:00\" \/>\n<meta property=\"og:image\" content=\"http:\/\/marigeuer.com\/equilibrio\/wp-content\/uploads\/2012\/08\/sintonia_alfa_2508_fotos-214x300.jpg\" \/>\n<meta name=\"twitter:card\" content=\"summary_large_image\" \/>\n<meta name=\"twitter:label1\" content=\"Tempo estimado de leitura\" \/>\n\t<meta name=\"twitter:data1\" content=\"1 minuto\" \/>\n<script type=\"application\/ld+json\" class=\"yoast-schema-graph\">{\"@context\":\"https:\/\/schema.org\",\"@graph\":[{\"@type\":\"WebPage\",\"@id\":\"https:\/\/marigeuer.com\/equilibrio\/nucleo-vivencias-unidarma\/sintonia-alfa\/\",\"url\":\"https:\/\/marigeuer.com\/equilibrio\/nucleo-vivencias-unidarma\/sintonia-alfa\/\",\"name\":\"Sintonia Alfa - Equil\u00edbrio Interior e Bem-Estar\",\"isPartOf\":{\"@id\":\"https:\/\/marigeuer.com\/equilibrio\/#website\"},\"primaryImageOfPage\":{\"@id\":\"https:\/\/marigeuer.com\/equilibrio\/nucleo-vivencias-unidarma\/sintonia-alfa\/#primaryimage\"},\"image\":{\"@id\":\"https:\/\/marigeuer.com\/equilibrio\/nucleo-vivencias-unidarma\/sintonia-alfa\/#primaryimage\"},\"thumbnailUrl\":\"http:\/\/marigeuer.com\/equilibrio\/wp-content\/uploads\/2012\/08\/sintonia_alfa_2508_fotos-214x300.jpg\",\"datePublished\":\"2012-08-23T15:44:10+00:00\",\"dateModified\":\"2013-10-19T13:33:21+00:00\",\"breadcrumb\":{\"@id\":\"https:\/\/marigeuer.com\/equilibrio\/nucleo-vivencias-unidarma\/sintonia-alfa\/#breadcrumb\"},\"inLanguage\":\"pt-PT\",\"potentialAction\":[{\"@type\":\"ReadAction\",\"target\":[\"https:\/\/marigeuer.com\/equilibrio\/nucleo-vivencias-unidarma\/sintonia-alfa\/\"]}]},{\"@type\":\"ImageObject\",\"inLanguage\":\"pt-PT\",\"@id\":\"https:\/\/marigeuer.com\/equilibrio\/nucleo-vivencias-unidarma\/sintonia-alfa\/#primaryimage\",\"url\":\"http:\/\/marigeuer.com\/equilibrio\/wp-content\/uploads\/2012\/08\/sintonia_alfa_2508_fotos-214x300.jpg\",\"contentUrl\":\"http:\/\/marigeuer.com\/equilibrio\/wp-content\/uploads\/2012\/08\/sintonia_alfa_2508_fotos-214x300.jpg\"},{\"@type\":\"BreadcrumbList\",\"@id\":\"https:\/\/marigeuer.com\/equilibrio\/nucleo-vivencias-unidarma\/sintonia-alfa\/#breadcrumb\",\"itemListElement\":[{\"@type\":\"ListItem\",\"position\":1,\"name\":\"In\u00edcio\",\"item\":\"https:\/\/marigeuer.com\/equilibrio\/\"},{\"@type\":\"ListItem\",\"position\":2,\"name\":\"NVU Campinas\",\"item\":\"https:\/\/marigeuer.com\/equilibrio\/nucleo-vivencias-unidarma\/\"},{\"@type\":\"ListItem\",\"position\":3,\"name\":\"Sintonia Alfa\"}]},{\"@type\":\"WebSite\",\"@id\":\"https:\/\/marigeuer.com\/equilibrio\/#website\",\"url\":\"https:\/\/marigeuer.com\/equilibrio\/\",\"name\":\"Equil\u00edbrio Interior e Bem-Estar\",\"description\":\"Pr\u00e1ticas de Transforma\u00e7\u00f5es para voc\u00ea | Mari Geuer\",\"potentialAction\":[{\"@type\":\"SearchAction\",\"target\":{\"@type\":\"EntryPoint\",\"urlTemplate\":\"https:\/\/marigeuer.com\/equilibrio\/?s={search_term_string}\"},\"query-input\":{\"@type\":\"PropertyValueSpecification\",\"valueRequired\":true,\"valueName\":\"search_term_string\"}}],\"inLanguage\":\"pt-PT\"}]}<\/script>\n<!-- \/ Yoast SEO plugin. -->","yoast_head_json":{"title":"Sintonia Alfa - Equil\u00edbrio Interior e Bem-Estar","robots":{"index":"index","follow":"follow","max-snippet":"max-snippet:-1","max-image-preview":"max-image-preview:large","max-video-preview":"max-video-preview:-1"},"canonical":"https:\/\/marigeuer.com\/equilibrio\/nucleo-vivencias-unidarma\/sintonia-alfa\/","og_locale":"pt_PT","og_type":"article","og_title":"Sintonia Alfa - Equil\u00edbrio Interior e Bem-Estar","og_description":"Sintonia Alfa \u00e9 uma t\u00e9cnica terap\u00eautica que visa a cura interior e: Auxilia a serenar a mente Promove ... Read More &raquo;","og_url":"https:\/\/marigeuer.com\/equilibrio\/nucleo-vivencias-unidarma\/sintonia-alfa\/","og_site_name":"Equil\u00edbrio Interior e Bem-Estar","article_modified_time":"2013-10-19T13:33:21+00:00","og_image":[{"url":"http:\/\/marigeuer.com\/equilibrio\/wp-content\/uploads\/2012\/08\/sintonia_alfa_2508_fotos-214x300.jpg","type":"","width":"","height":""}],"twitter_card":"summary_large_image","twitter_misc":{"Tempo estimado de leitura":"1 minuto"},"schema":{"@context":"https:\/\/schema.org","@graph":[{"@type":"WebPage","@id":"https:\/\/marigeuer.com\/equilibrio\/nucleo-vivencias-unidarma\/sintonia-alfa\/","url":"https:\/\/marigeuer.com\/equilibrio\/nucleo-vivencias-unidarma\/sintonia-alfa\/","name":"Sintonia Alfa - Equil\u00edbrio Interior e Bem-Estar","isPartOf":{"@id":"https:\/\/marigeuer.com\/equilibrio\/#website"},"primaryImageOfPage":{"@id":"https:\/\/marigeuer.com\/equilibrio\/nucleo-vivencias-unidarma\/sintonia-alfa\/#primaryimage"},"image":{"@id":"https:\/\/marigeuer.com\/equilibrio\/nucleo-vivencias-unidarma\/sintonia-alfa\/#primaryimage"},"thumbnailUrl":"http:\/\/marigeuer.com\/equilibrio\/wp-content\/uploads\/2012\/08\/sintonia_alfa_2508_fotos-214x300.jpg","datePublished":"2012-08-23T15:44:10+00:00","dateModified":"2013-10-19T13:33:21+00:00","breadcrumb":{"@id":"https:\/\/marigeuer.com\/equilibrio\/nucleo-vivencias-unidarma\/sintonia-alfa\/#breadcrumb"},"inLanguage":"pt-PT","potentialAction":[{"@type":"ReadAction","target":["https:\/\/marigeuer.com\/equilibrio\/nucleo-vivencias-unidarma\/sintonia-alfa\/"]}]},{"@type":"ImageObject","inLanguage":"pt-PT","@id":"https:\/\/marigeuer.com\/equilibrio\/nucleo-vivencias-unidarma\/sintonia-alfa\/#primaryimage","url":"http:\/\/marigeuer.com\/equilibrio\/wp-content\/uploads\/2012\/08\/sintonia_alfa_2508_fotos-214x300.jpg","contentUrl":"http:\/\/marigeuer.com\/equilibrio\/wp-content\/uploads\/2012\/08\/sintonia_alfa_2508_fotos-214x300.jpg"},{"@type":"BreadcrumbList","@id":"https:\/\/marigeuer.com\/equilibrio\/nucleo-vivencias-unidarma\/sintonia-alfa\/#breadcrumb","itemListElement":[{"@type":"ListItem","position":1,"name":"In\u00edcio","item":"https:\/\/marigeuer.com\/equilibrio\/"},{"@type":"ListItem","position":2,"name":"NVU Campinas","item":"https:\/\/marigeuer.com\/equilibrio\/nucleo-vivencias-unidarma\/"},{"@type":"ListItem","position":3,"name":"Sintonia Alfa"}]},{"@type":"WebSite","@id":"https:\/\/marigeuer.com\/equilibrio\/#website","url":"https:\/\/marigeuer.com\/equilibrio\/","name":"Equil\u00edbrio Interior e Bem-Estar","description":"Pr\u00e1ticas de Transforma\u00e7\u00f5es para voc\u00ea | Mari Geuer","potentialAction":[{"@type":"SearchAction","target":{"@type":"EntryPoint","urlTemplate":"https:\/\/marigeuer.com\/equilibrio\/?s={search_term_string}"},"query-input":{"@type":"PropertyValueSpecification","valueRequired":true,"valueName":"search_term_string"}}],"inLanguage":"pt-PT"}]}},"_links":{"self":[{"href":"https:\/\/marigeuer.com\/equilibrio\/wp-json\/wp\/v2\/pages\/204","targetHints":{"allow":["GET"]}}],"collection":[{"href":"https:\/\/marigeuer.com\/equilibrio\/wp-json\/wp\/v2\/pages"}],"about":[{"href":"https:\/\/marigeuer.com\/equilibrio\/wp-json\/wp\/v2\/types\/page"}],"author":[{"embeddable":true,"href":"https:\/\/marigeuer.com\/equilibrio\/wp-json\/wp\/v2\/users\/2"}],"replies":[{"embeddable":true,"href":"https:\/\/marigeuer.com\/equilibrio\/wp-json\/wp\/v2\/comments?post=204"}],"version-history":[{"count":9,"href":"https:\/\/marigeuer.com\/equilibrio\/wp-json\/wp\/v2\/pages\/204\/revisions"}],"predecessor-version":[{"id":4242,"href":"https:\/\/marigeuer.com\/equilibrio\/wp-json\/wp\/v2\/pages\/204\/revisions\/4242"}],"up":[{"embeddable":true,"href":"https:\/\/marigeuer.com\/equilibrio\/wp-json\/wp\/v2\/pages\/198"}],"wp:attachment":[{"href":"https:\/\/marigeuer.com\/equilibrio\/wp-json\/wp\/v2\/media?parent=204"}],"curies":[{"name":"wp","href":"https:\/\/api.w.org\/{rel}","templated":true}]}}