{"id":28,"date":"2017-07-10T08:53:04","date_gmt":"2017-07-10T11:53:04","guid":{"rendered":"http:\/\/marigeuer.com\/blog\/?page_id=28"},"modified":"2020-01-28T09:22:34","modified_gmt":"2020-01-28T12:22:34","slug":"numerologia-cabalistica-mapa-pessoal","status":"publish","type":"page","link":"https:\/\/marigeuer.com\/equilibrio\/numerologia-cabalistica\/numerologia-cabalistica-mapa-pessoal\/","title":{"rendered":"Numerologia Cabal\u00edstica &#8211; Mapa Pessoal"},"content":{"rendered":"<h1><span style=\"color: #000080;\"><strong><span style=\"text-decoration: underline;\">Mapa Pessoal<\/span>\u00a0da Numerologia Cabal\u00edstica<\/strong><\/span><\/h1>\n<p>O <em>mapa pessoal<\/em> oferece informa\u00e7\u00f5es sobre quem voc\u00ea \u00e9, o que gosta, que impress\u00e3o causa nas pessoas, qual o seu destino, sua voca\u00e7\u00e3o e muito mais&#8230;<\/p>\n<p>Mude sua vida para melhor!<\/p>\n<div style=\"text-align: justify;\"><span style=\"font-size: small; font-family: 'trebuchet ms', geneva;\"><a href=\"http:\/\/4.bp.blogspot.com\/-zUiW4o7NAE8\/T3IcHdAFL4I\/AAAAAAAADXs\/zyX_nkNQHyo\/s1600\/numerologia-nome-data-nascimento-terapia-na-trilha-do-conhecimento.jpg\"><img loading=\"lazy\" decoding=\"async\" class=\"aligncenter\" src=\"http:\/\/marigeuer.com\/equilibrio\/wp-content\/uploads\/2017\/03\/numerologia-nome-data-nascimento-terapia-na-trilha-do-conhecimento.jpg\" alt=\"mapa pessoal\" width=\"208\" height=\"320\" border=\"0\" \/><\/a><\/span><\/div>\n<div style=\"text-align: justify;\"><\/div>\n<div style=\"text-align: justify;\">O seu <strong>mapa pessoal<\/strong> NUMEROL\u00d3GICO inclui:<\/div>\n<div style=\"text-align: justify;\"><\/div>\n<div style=\"text-align: justify;\"><\/div>\n<div style=\"text-align: justify;\"><strong>Dia do Nascimento<\/strong> &#8211; Caracter\u00edsticas de Personalidade pelo seu dia de Nascimento<\/div>\n<div style=\"text-align: justify;\"><\/div>\n<div style=\"text-align: justify;\"><\/div>\n<div style=\"text-align: justify;\"><strong>Express\u00e3o Pessoal<\/strong> &#8211; Mostra a natureza da pessoa, tra\u00e7os de personalidade, habilidades, a miss\u00e3o de vida ou a maneira que ela tem para realizar a sua aprendizagem, os seus prop\u00f3sitos<\/div>\n<div style=\"text-align: justify;\"><\/div>\n<div style=\"text-align: justify;\"><\/div>\n<div style=\"text-align: justify;\" align=\"CENTER\"><strong>Sua Ambi\u00e7\u00e3o &#8211;\u00a0<\/strong>Mostra a ess\u00eancia da pessoa, o que ela tem de mais \u00edntimo, os seus verdadeiros desejos e objetivos na vida.<strong>A Personalidade<\/strong> &#8211; Indica a imagem que a pessoa mostra ao mundo: como ela \u00e9 vista pelos outros e o que os outros esperam dela.<\/div>\n<div style=\"text-align: justify;\" align=\"CENTER\"><\/div>\n<div style=\"text-align: justify;\" align=\"CENTER\"><\/div>\n<div style=\"text-align: justify;\" align=\"CENTER\"><strong>A Miss\u00e3o<\/strong> &#8211;\u00a0Mostra o que a pessoa veio desenvolver no mundo, o seu projeto de vida: Desenvolvimento de dons art\u00edsticos, capacidade de gest\u00e3o dos recursos, poder de express\u00e3o ou aux\u00edlio ao pr\u00f3ximo.<\/div>\n<div style=\"text-align: justify;\" align=\"CENTER\"><\/div>\n<div style=\"text-align: justify;\" align=\"CENTER\"><\/div>\n<div style=\"text-align: justify;\" align=\"CENTER\"><strong>Seu Ano Pessoal<\/strong>\u00a0&#8211; Ciclos de 9 anos e cada ano rege um aspecto da vida do ser humano, \u00e9 \u00a0um objetivo que temos que cumprir, onde as energias estar\u00e3o mais fortes para certos acontecimentos.<\/div>\n<div style=\"text-align: justify;\" align=\"CENTER\"><\/div>\n<div style=\"text-align: justify;\" align=\"CENTER\"><\/div>\n<div style=\"text-align: justify;\" align=\"CENTER\">E mais&#8230;<\/div>\n<div style=\"text-align: justify;\" align=\"CENTER\">Ciclos de Vidas<\/div>\n<div style=\"text-align: justify;\" align=\"CENTER\">N\u00fameros e dias favor\u00e1veis<\/div>\n<div style=\"text-align: justify;\" align=\"CENTER\">D\u00edvidas Ancestrais<\/div>\n<div style=\"text-align: justify;\" align=\"CENTER\">Seu pontos fracos e fortes<\/div>\n<div style=\"text-align: justify;\" align=\"CENTER\">Tarot<\/div>\n<p style=\"text-align: left;\"><strong style=\"font-size: small;\">Voc\u00ea tamb\u00e9m obter\u00e1 op\u00e7\u00f5es para novas assinaturas\u00a0<\/strong><\/p>\n<h2 style=\"text-align: left;\"><span style=\"color: #000080;\">Adquira agora mesmo!<\/span><\/h2>\n<h2 style=\"text-align: left;\"><span style=\"color: #000080;\">Mapa Numerol\u00f3gico Pessoal<\/span><\/h2>\n<p><!-- N\u00c3O EDITE OS COMANDOS DAS LINHAS ABAIXO --> <strong><span style=\"color: #ff0000;\">Voc\u00ea receber\u00e1 uma apostila com mais de 30 paginas. O seu livro de autoconhecimento! <\/span><\/strong><\/p>\n<p><strong><span style=\"color: #ff0000;\">Ap\u00f3s voc\u00ea receber o seu mapa, vamos marcar uma hora no skype onde eu, Mar\u00ef G\u00eauer, estarei conversando com voc\u00ea sobre esta an\u00e1lise.<\/span><\/strong><\/p>\n<p><strong><span style=\"color: #ff0000;\">Ao adquirir o mapa envie um email para : contato@marigeuer.com\u00a0 ou ent\u00e3o envie uma mensagem no whatsapp +31 624150147\u00a0 com seu nome completo (exatamente igual como est\u00e1 na sua certid\u00e3o de nascimento) e data de nascimento<\/span><\/strong><\/p>\n<p>Desvende os seus mist\u00e9rios, solicite o seu mapa e mude sua vida para \u00a0melhor!<\/p>\n<p><strong><a href=\"http:\/\/marigeuer.com\/equilibrio\/wp-content\/uploads\/2014\/11\/logo_peq_marigeuer.png\"><img loading=\"lazy\" decoding=\"async\" class=\"size-full wp-image-5360 alignleft\" src=\"http:\/\/marigeuer.com\/equilibrio\/wp-content\/uploads\/2014\/11\/logo_peq_marigeuer.png\" alt=\"logo_peq_marigeuer\" width=\"160\" height=\"92\" \/><\/a><\/strong><\/p>\n<div><\/div>\n<ul>\n<li>Numer\u00f3loga Cabal\u00edstica<\/li>\n<li>Forma\u00e7\u00e3o Completa em 2006<\/li>\n<\/ul>\n<address>\u00a0<\/address>\n","protected":false},"excerpt":{"rendered":"<p>Mapa Pessoal\u00a0da Numerologia Cabal\u00edstica O mapa pessoal oferece informa\u00e7\u00f5es sobre quem voc\u00ea \u00e9, o que gosta, que impress\u00e3o &#8230; <a class=\"more-link\" href=\"https:\/\/marigeuer.com\/equilibrio\/numerologia-cabalistica\/numerologia-cabalistica-mapa-pessoal\/\">Read More &raquo;<\/a><\/p>\n","protected":false},"author":2,"featured_media":6780,"parent":20,"menu_order":0,"comment_status":"open","ping_status":"open","template":"","meta":{"sfsi_plus_gutenberg_text_before_share":"","sfsi_plus_gutenberg_show_text_before_share":"","sfsi_plus_gutenberg_icon_type":"","sfsi_plus_gutenberg_icon_alignemt":"","sfsi_plus_gutenburg_max_per_row":"","footnotes":""},"class_list":["post-28","page","type-page","status-publish","has-post-thumbnail","hentry"],"yoast_head":"<!-- This site is optimized with the Yoast SEO plugin v27.2 - https:\/\/yoast.com\/product\/yoast-seo-wordpress\/ -->\n<title>Numerologia Cabal\u00edstica - Mapa Pessoal - Equil\u00edbrio Interior e Bem-Estar<\/title>\n<meta name=\"description\" content=\"O mapa pessoal da Numerologia Cabal\u00edstica oferece informa\u00e7\u00f5es sobre quem voc\u00ea \u00e9, o que gosta, que impress\u00e3o causa nas pessoas, qual o seu destino, sua voca\u00e7\u00e3o e muito mais...\" \/>\n<meta name=\"robots\" content=\"index, follow, max-snippet:-1, max-image-preview:large, max-video-preview:-1\" \/>\n<link rel=\"canonical\" href=\"https:\/\/marigeuer.com\/equilibrio\/numerologia-cabalistica\/numerologia-cabalistica-mapa-pessoal\/\" \/>\n<meta property=\"og:locale\" content=\"pt_PT\" \/>\n<meta property=\"og:type\" content=\"article\" \/>\n<meta property=\"og:title\" content=\"Numerologia Cabal\u00edstica - Mapa Pessoal - Equil\u00edbrio Interior e Bem-Estar\" \/>\n<meta property=\"og:description\" content=\"O mapa pessoal da Numerologia Cabal\u00edstica oferece informa\u00e7\u00f5es sobre quem voc\u00ea \u00e9, o que gosta, que impress\u00e3o causa nas pessoas, qual o seu destino, sua voca\u00e7\u00e3o e muito mais...\" \/>\n<meta property=\"og:url\" content=\"https:\/\/marigeuer.com\/equilibrio\/numerologia-cabalistica\/numerologia-cabalistica-mapa-pessoal\/\" \/>\n<meta property=\"og:site_name\" content=\"Equil\u00edbrio Interior e Bem-Estar\" \/>\n<meta property=\"article:modified_time\" content=\"2020-01-28T12:22:34+00:00\" \/>\n<meta property=\"og:image\" content=\"http:\/\/marigeuer.com\/equilibrio\/wp-content\/uploads\/2017\/10\/mapa-numerologia.jpg\" \/>\n<meta name=\"twitter:card\" content=\"summary_large_image\" \/>\n<meta name=\"twitter:label1\" content=\"Tempo estimado de leitura\" \/>\n\t<meta name=\"twitter:data1\" content=\"2 minutos\" \/>\n<script type=\"application\/ld+json\" class=\"yoast-schema-graph\">{\"@context\":\"https:\/\/schema.org\",\"@graph\":[{\"@type\":\"WebPage\",\"@id\":\"https:\/\/marigeuer.com\/equilibrio\/numerologia-cabalistica\/numerologia-cabalistica-mapa-pessoal\/\",\"url\":\"https:\/\/marigeuer.com\/equilibrio\/numerologia-cabalistica\/numerologia-cabalistica-mapa-pessoal\/\",\"name\":\"Numerologia Cabal\u00edstica - Mapa Pessoal - Equil\u00edbrio Interior e Bem-Estar\",\"isPartOf\":{\"@id\":\"https:\/\/marigeuer.com\/equilibrio\/#website\"},\"primaryImageOfPage\":{\"@id\":\"https:\/\/marigeuer.com\/equilibrio\/numerologia-cabalistica\/numerologia-cabalistica-mapa-pessoal\/#primaryimage\"},\"image\":{\"@id\":\"https:\/\/marigeuer.com\/equilibrio\/numerologia-cabalistica\/numerologia-cabalistica-mapa-pessoal\/#primaryimage\"},\"thumbnailUrl\":\"https:\/\/marigeuer.com\/equilibrio\/wp-content\/uploads\/2017\/10\/mapa-numerologia.jpg\",\"datePublished\":\"2017-07-10T11:53:04+00:00\",\"dateModified\":\"2020-01-28T12:22:34+00:00\",\"description\":\"O mapa pessoal da Numerologia Cabal\u00edstica oferece informa\u00e7\u00f5es sobre quem voc\u00ea \u00e9, o que gosta, que impress\u00e3o causa nas pessoas, qual o seu destino, sua voca\u00e7\u00e3o e muito mais...\",\"breadcrumb\":{\"@id\":\"https:\/\/marigeuer.com\/equilibrio\/numerologia-cabalistica\/numerologia-cabalistica-mapa-pessoal\/#breadcrumb\"},\"inLanguage\":\"pt-PT\",\"potentialAction\":[{\"@type\":\"ReadAction\",\"target\":[\"https:\/\/marigeuer.com\/equilibrio\/numerologia-cabalistica\/numerologia-cabalistica-mapa-pessoal\/\"]}]},{\"@type\":\"ImageObject\",\"inLanguage\":\"pt-PT\",\"@id\":\"https:\/\/marigeuer.com\/equilibrio\/numerologia-cabalistica\/numerologia-cabalistica-mapa-pessoal\/#primaryimage\",\"url\":\"https:\/\/marigeuer.com\/equilibrio\/wp-content\/uploads\/2017\/10\/mapa-numerologia.jpg\",\"contentUrl\":\"https:\/\/marigeuer.com\/equilibrio\/wp-content\/uploads\/2017\/10\/mapa-numerologia.jpg\",\"width\":960,\"height\":960},{\"@type\":\"BreadcrumbList\",\"@id\":\"https:\/\/marigeuer.com\/equilibrio\/numerologia-cabalistica\/numerologia-cabalistica-mapa-pessoal\/#breadcrumb\",\"itemListElement\":[{\"@type\":\"ListItem\",\"position\":1,\"name\":\"In\u00edcio\",\"item\":\"https:\/\/marigeuer.com\/equilibrio\/\"},{\"@type\":\"ListItem\",\"position\":2,\"name\":\"Numerologia Cabal\u00edstica\",\"item\":\"https:\/\/marigeuer.com\/equilibrio\/numerologia-cabalistica\/\"},{\"@type\":\"ListItem\",\"position\":3,\"name\":\"Numerologia Cabal\u00edstica &#8211; Mapa Pessoal\"}]},{\"@type\":\"WebSite\",\"@id\":\"https:\/\/marigeuer.com\/equilibrio\/#website\",\"url\":\"https:\/\/marigeuer.com\/equilibrio\/\",\"name\":\"Equil\u00edbrio Interior e Bem-Estar\",\"description\":\"Pr\u00e1ticas de Transforma\u00e7\u00f5es para voc\u00ea | Mari Geuer\",\"potentialAction\":[{\"@type\":\"SearchAction\",\"target\":{\"@type\":\"EntryPoint\",\"urlTemplate\":\"https:\/\/marigeuer.com\/equilibrio\/?s={search_term_string}\"},\"query-input\":{\"@type\":\"PropertyValueSpecification\",\"valueRequired\":true,\"valueName\":\"search_term_string\"}}],\"inLanguage\":\"pt-PT\"}]}<\/script>\n<!-- \/ Yoast SEO plugin. -->","yoast_head_json":{"title":"Numerologia Cabal\u00edstica - Mapa Pessoal - Equil\u00edbrio Interior e Bem-Estar","description":"O mapa pessoal da Numerologia Cabal\u00edstica oferece informa\u00e7\u00f5es sobre quem voc\u00ea \u00e9, o que gosta, que impress\u00e3o causa nas pessoas, qual o seu destino, sua voca\u00e7\u00e3o e muito mais...","robots":{"index":"index","follow":"follow","max-snippet":"max-snippet:-1","max-image-preview":"max-image-preview:large","max-video-preview":"max-video-preview:-1"},"canonical":"https:\/\/marigeuer.com\/equilibrio\/numerologia-cabalistica\/numerologia-cabalistica-mapa-pessoal\/","og_locale":"pt_PT","og_type":"article","og_title":"Numerologia Cabal\u00edstica - Mapa Pessoal - Equil\u00edbrio Interior e Bem-Estar","og_description":"O mapa pessoal da Numerologia Cabal\u00edstica oferece informa\u00e7\u00f5es sobre quem voc\u00ea \u00e9, o que gosta, que impress\u00e3o causa nas pessoas, qual o seu destino, sua voca\u00e7\u00e3o e muito mais...","og_url":"https:\/\/marigeuer.com\/equilibrio\/numerologia-cabalistica\/numerologia-cabalistica-mapa-pessoal\/","og_site_name":"Equil\u00edbrio Interior e Bem-Estar","article_modified_time":"2020-01-28T12:22:34+00:00","og_image":[{"url":"http:\/\/marigeuer.com\/equilibrio\/wp-content\/uploads\/2017\/10\/mapa-numerologia.jpg","type":"","width":"","height":""}],"twitter_card":"summary_large_image","twitter_misc":{"Tempo estimado de leitura":"2 minutos"},"schema":{"@context":"https:\/\/schema.org","@graph":[{"@type":"WebPage","@id":"https:\/\/marigeuer.com\/equilibrio\/numerologia-cabalistica\/numerologia-cabalistica-mapa-pessoal\/","url":"https:\/\/marigeuer.com\/equilibrio\/numerologia-cabalistica\/numerologia-cabalistica-mapa-pessoal\/","name":"Numerologia Cabal\u00edstica - Mapa Pessoal - Equil\u00edbrio Interior e Bem-Estar","isPartOf":{"@id":"https:\/\/marigeuer.com\/equilibrio\/#website"},"primaryImageOfPage":{"@id":"https:\/\/marigeuer.com\/equilibrio\/numerologia-cabalistica\/numerologia-cabalistica-mapa-pessoal\/#primaryimage"},"image":{"@id":"https:\/\/marigeuer.com\/equilibrio\/numerologia-cabalistica\/numerologia-cabalistica-mapa-pessoal\/#primaryimage"},"thumbnailUrl":"https:\/\/marigeuer.com\/equilibrio\/wp-content\/uploads\/2017\/10\/mapa-numerologia.jpg","datePublished":"2017-07-10T11:53:04+00:00","dateModified":"2020-01-28T12:22:34+00:00","description":"O mapa pessoal da Numerologia Cabal\u00edstica oferece informa\u00e7\u00f5es sobre quem voc\u00ea \u00e9, o que gosta, que impress\u00e3o causa nas pessoas, qual o seu destino, sua voca\u00e7\u00e3o e muito mais...","breadcrumb":{"@id":"https:\/\/marigeuer.com\/equilibrio\/numerologia-cabalistica\/numerologia-cabalistica-mapa-pessoal\/#breadcrumb"},"inLanguage":"pt-PT","potentialAction":[{"@type":"ReadAction","target":["https:\/\/marigeuer.com\/equilibrio\/numerologia-cabalistica\/numerologia-cabalistica-mapa-pessoal\/"]}]},{"@type":"ImageObject","inLanguage":"pt-PT","@id":"https:\/\/marigeuer.com\/equilibrio\/numerologia-cabalistica\/numerologia-cabalistica-mapa-pessoal\/#primaryimage","url":"https:\/\/marigeuer.com\/equilibrio\/wp-content\/uploads\/2017\/10\/mapa-numerologia.jpg","contentUrl":"https:\/\/marigeuer.com\/equilibrio\/wp-content\/uploads\/2017\/10\/mapa-numerologia.jpg","width":960,"height":960},{"@type":"BreadcrumbList","@id":"https:\/\/marigeuer.com\/equilibrio\/numerologia-cabalistica\/numerologia-cabalistica-mapa-pessoal\/#breadcrumb","itemListElement":[{"@type":"ListItem","position":1,"name":"In\u00edcio","item":"https:\/\/marigeuer.com\/equilibrio\/"},{"@type":"ListItem","position":2,"name":"Numerologia Cabal\u00edstica","item":"https:\/\/marigeuer.com\/equilibrio\/numerologia-cabalistica\/"},{"@type":"ListItem","position":3,"name":"Numerologia Cabal\u00edstica &#8211; Mapa Pessoal"}]},{"@type":"WebSite","@id":"https:\/\/marigeuer.com\/equilibrio\/#website","url":"https:\/\/marigeuer.com\/equilibrio\/","name":"Equil\u00edbrio Interior e Bem-Estar","description":"Pr\u00e1ticas de Transforma\u00e7\u00f5es para voc\u00ea | Mari Geuer","potentialAction":[{"@type":"SearchAction","target":{"@type":"EntryPoint","urlTemplate":"https:\/\/marigeuer.com\/equilibrio\/?s={search_term_string}"},"query-input":{"@type":"PropertyValueSpecification","valueRequired":true,"valueName":"search_term_string"}}],"inLanguage":"pt-PT"}]}},"_links":{"self":[{"href":"https:\/\/marigeuer.com\/equilibrio\/wp-json\/wp\/v2\/pages\/28","targetHints":{"allow":["GET"]}}],"collection":[{"href":"https:\/\/marigeuer.com\/equilibrio\/wp-json\/wp\/v2\/pages"}],"about":[{"href":"https:\/\/marigeuer.com\/equilibrio\/wp-json\/wp\/v2\/types\/page"}],"author":[{"embeddable":true,"href":"https:\/\/marigeuer.com\/equilibrio\/wp-json\/wp\/v2\/users\/2"}],"replies":[{"embeddable":true,"href":"https:\/\/marigeuer.com\/equilibrio\/wp-json\/wp\/v2\/comments?post=28"}],"version-history":[{"count":62,"href":"https:\/\/marigeuer.com\/equilibrio\/wp-json\/wp\/v2\/pages\/28\/revisions"}],"predecessor-version":[{"id":7975,"href":"https:\/\/marigeuer.com\/equilibrio\/wp-json\/wp\/v2\/pages\/28\/revisions\/7975"}],"up":[{"embeddable":true,"href":"https:\/\/marigeuer.com\/equilibrio\/wp-json\/wp\/v2\/pages\/20"}],"wp:featuredmedia":[{"embeddable":true,"href":"https:\/\/marigeuer.com\/equilibrio\/wp-json\/wp\/v2\/media\/6780"}],"wp:attachment":[{"href":"https:\/\/marigeuer.com\/equilibrio\/wp-json\/wp\/v2\/media?parent=28"}],"curies":[{"name":"wp","href":"https:\/\/api.w.org\/{rel}","templated":true}]}}